{"id":17,"date":"2015-09-15T16:58:34","date_gmt":"2015-09-15T14:58:34","guid":{"rendered":"http:\/\/www.neudoerfl.rocks\/?page_id=17"},"modified":"2015-09-15T16:58:34","modified_gmt":"2015-09-15T14:58:34","slug":"impressum","status":"publish","type":"page","link":"https:\/\/www.neudoerfl.rocks\/?page_id=17","title":{"rendered":"Impressum"},"content":{"rendered":"<p>F\u00fcr den Inhalt verantwortlich:<\/p>\n<p>Michael Sgarz<\/p>\n<p>F\u00fcr eventuelle \u00c4nderungen und falsche Angaben wird keine Haftung \u00fcbernommen!<\/p>\n","protected":false},"excerpt":{"rendered":"<p>F\u00fcr den Inhalt verantwortlich: Michael Sgarz F\u00fcr eventuelle \u00c4nderungen und falsche Angaben wird keine Haftung \u00fcbernommen!<\/p>\n","protected":false},"author":1,"featured_media":0,"parent":0,"menu_order":3,"comment_status":"closed","ping_status":"closed","template":"","meta":{"_ti_tpc_template_sync":false,"_ti_tpc_template_id":""},"_links":{"self":[{"href":"https:\/\/www.neudoerfl.rocks\/index.php?rest_route=\/wp\/v2\/pages\/17"}],"collection":[{"href":"https:\/\/www.neudoerfl.rocks\/index.php?rest_route=\/wp\/v2\/pages"}],"about":[{"href":"https:\/\/www.neudoerfl.rocks\/index.php?rest_route=\/wp\/v2\/types\/page"}],"author":[{"embeddable":true,"href":"https:\/\/www.neudoerfl.rocks\/index.php?rest_route=\/wp\/v2\/users\/1"}],"replies":[{"embeddable":true,"href":"https:\/\/www.neudoerfl.rocks\/index.php?rest_route=%2Fwp%2Fv2%2Fcomments&post=17"}],"version-history":[{"count":1,"href":"https:\/\/www.neudoerfl.rocks\/index.php?rest_route=\/wp\/v2\/pages\/17\/revisions"}],"predecessor-version":[{"id":18,"href":"https:\/\/www.neudoerfl.rocks\/index.php?rest_route=\/wp\/v2\/pages\/17\/revisions\/18"}],"wp:attachment":[{"href":"https:\/\/www.neudoerfl.rocks\/index.php?rest_route=%2Fwp%2Fv2%2Fmedia&parent=17"}],"curies":[{"name":"wp","href":"https:\/\/api.w.org\/{rel}","templated":true}]}}